ommon factor of 875 and 1975.
25
What is the highest common divisor of 521625 and 642?
321
What is the highest common divisor of 616812 and 4704?
588
What is the greatest common factor of 1233 and 14745447?
1233
What is the highest common divisor of 5776 and 848?
16
What is the greatest common divisor of 40615 and 5?
5
Calculate the greatest common factor of 11902 and 836.
22
Calculate the greatest common divisor of 52808 and 759.
23
What is the greatest common divisor of 454948 and 26?
26
What is the greatest common factor of 1467 and 9333?
9
What is the highest common factor of 1778 and 1442466?
254
What is the highest common factor of 162 and 100278?
162
Calculate the highest common factor of 952 and 32402.
34
What is the highest common divisor of 26810 and 350?
70
Calculate the greatest common divisor of 21 and 87346.
7
What is the highest common factor of 651726 and 1788?
894
Calculate the highest common factor of 7425 and 2889.
27
What is the highest common factor of 1053 and 77436?
81
What is the greatest common divisor of 784 and 32?
16
Calculate the highest common factor of 2573 and 16351.
83
What is the highest common divisor of 224 and 35238?
14
What is the greatest common divisor of 5 and 1843945?
5
Calculate the highest common divisor of 296010 and 660.
330
What is the highest common divisor of 4354 and 1918?
14
What is the highest common divisor of 974506 and 3367?
481
Calculate the greatest common factor of 45 and 89715.
15
What is the highest common divisor of 5579437 and 193?
193
What is the highest common factor of 478826 and 372?
62
Calculate the greatest common divisor of 128128 and 80.
16
What is the highest common factor of 486 and 3677886?
162
Calculate the greatest common divisor of 30492 and 11130.
42
What is the highest common factor of 732 and 1242204?
732
What is the highest common divisor of 108046 and 801?
89
What is the highest common factor of 1491 and 20244?
21
What is the highest common divisor of 4620 and 592680?
660
What is the greatest common divisor of 108 and 6548310?
54
What is the highest common divisor of 1460 and 24455?
365
Calculate the greatest common factor of 686 and 44688.
98
What is the greatest common divisor of 2054 and 158?
158
What is the highest common divisor of 942 and 36110?
314
What is the greatest common factor of 135 and 370995?
15
What is the highest common divisor of 13716 and 593598?
762
Calculate the highest common factor of 3929009 and 9352.
1169
Calculate the greatest common factor of 20 and 7050.
10
Calculate the greatest common factor of 85226 and 172.
86
Calculate the greatest common divisor of 57 and 19443.
3
What is the greatest common factor of 59949 and 63?
9
Calculate the greatest common divisor of 3447 and 39.
3
What is the greatest common factor of 2 and 220420?
2
Calculate the greatest common divisor of 685 and 30995.
5
Calculate the greatest common divisor of 2322103 and 161.
161
Calculate the greatest common factor of 140454 and 342.
18
Calculate the greatest common divisor of 322 and 133.
7
What is the greatest common factor of 10902 and 8188?
46
What is the greatest common factor of 18 and 283887?
9
Calculate the highest common factor of 71669 and 3848.
481
Calculate the greatest common factor of 648 and 1653048.
648
Calculate the highest common divisor of 3858 and 24.
6
What is the greatest common divisor of 2700 and 756?
108
What is the greatest common factor of 464 and 29609?
29
What is the greatest common divisor of 5100 and 33575?
425
What is the greatest common factor of 233174 and 148?
74
What is the greatest common factor of 616558 and 412?
206
What is the greatest common divisor of 1694 and 61446?
154
What is the greatest common divisor of 241668 and 140?
28
Calculate the greatest common factor of 184 and 398107.
23
Calculate the highest common factor of 163977 and 330.
33
Calculate the highest common factor of 23950 and 850.
50
What is the highest common factor of 689976 and 1008?
504
Calculate the greatest common divisor of 10978 and 2398.
22
What is the highest common factor of 36507 and 86?
43
What is the highest common divisor of 6573 and 19950?
21
Calculate the greatest common factor of 1075455 and 180.
45
What is the highest common divisor of 454 and 54707?
227
What is the highest common factor of 725751 and 1053?
117
What is the highest common factor of 42850 and 2250?
50
Calculate the highest common factor of 1893575 and 25.
25
Calculate the greatest common divisor of 8052 and 27.
3
What is the greatest common divisor of 384 and 392288?
32
Calculate the greatest common factor of 1773 and 459.
9
What is the highest common divisor of 22510 and 1730?
10
What is the greatest common divisor of 147492 and 34?
34
Calculate the highest common divisor of 1890 and 235.
5
Calculate the greatest common factor of 969 and 309978.
51
Calculate the highest common factor of 2821 and 66495.
403
What is the greatest common divisor of 63 and 871353?
63
What is the greatest common factor of 1875 and 9?
3
Calculate the greatest common divisor of 27 and 3093.
3
Calculate the highest common divisor of 3306 and 1740058.
1102
Calculate the greatest common divisor of 5913 and 567.
81
Calculate the greatest common divisor of 24861 and 3.
3
Calculate the highest common divisor of 256 and 187696.
16
Calculate the highest common divisor of 4403 and 238798.
259
What is the greatest common factor of 65137 and 7367?
53
Calculate the greatest common factor of 356 and 5600058.
178
What is the highest common divisor of 78500 and 157?
157
What is the highest common divisor of 21 and 361578?
21
Calculate the highest common divisor of 173419 and 814.
37
What is the greatest common divisor of 1869 and 448?
7
Calculate the highest common factor of 17 and 1780.
1
What is the highest common divisor of 3145 and 391?
17
Calculate the highest common factor of 369 and 32349.
123
What is the highest common factor of 145169 and 16220?
811
Calculate the greatest common divisor of 1920 and 7920.
240
Calculate the highest common divisor of 34200 and 836.
76
Calculate the highest common factor of 2096 and 76.
4
Calculate the greatest common factor of 364931 and 259.
259
Calculate the highest common factor of 861 and 734269.
41
Calculate the greatest common factor of 19223 and 1222.
47
Calculate the greatest common factor of 15633 and 44583.
579
What is the greatest common divisor of 42894 and 72?
18
What is the highest common divisor of 1937 and 13585?
13
What is the highest common divisor of 390 and 75120?
30
Calculate the highest common divisor of 10028 and 16568.
436
What is the highest common factor of 90201 and 6744?
843
Calculate the greatest common divisor of 2546 and 335.
67
What is the highest common divisor of 41118 and 396?
66
Calculate the greatest common factor of 83 and 66815.
83
What is the highest common divisor of 931 and 12863?
19
What is the greatest common divisor of 165530 and 10?
10
What is the greatest common divisor of 37880066 and 1673?
1673
Calculate the greatest common divisor of 10 and 1976890.
10
Calculate the highest common divisor of 170605 and 6705.
745
What is the greatest common factor of 3152 and 14578?
394
Calculate the greatest common divisor of 15811 and 1067.
97
What is the greatest common divisor of 2886 and 1470?
6
Calculate the greatest common factor of 930 and 3130.
10
Calculate the greatest common divisor of 161609 and 63.
7
What is the greatest common factor of 77809 and 25074?
199
Calculate the greatest common factor of 2 and 154229.
1
Calculate the greatest common divisor of 11395 and 477.
53
What is the greatest common divisor of 343077 and 126?
21
Calculate the highest common divisor of 245 and 17031.
7
Calculate the highest common divisor of 10692 and 176.
44
Calculate the highest common divisor of 154 and 28886.
22
Calculate the highest common divisor of 14912 and 6720.
64
What is the highest common divisor of 5536 and 305518?
346
What is the greatest common divisor of 5 and 16265?
5
What is the greatest common factor of 88 and 396968?
88
Calculate the highest common divisor of 95274 and 18.
18
Calculate the greatest common divisor of 912 and 5738.
38
What is the greatest common factor of 52776 and 48?
24
Calculate the highest common factor of 